 the highest common factor of 7332 and 507?
39
Calculate the greatest common factor of 276 and 6596124.
276
What is the highest common factor of 14136 and 10416?
744
Calculate the greatest common divisor of 205 and 30053.
41
Calculate the highest common divisor of 561 and 527.
17
What is the greatest common factor of 29767 and 3179?
289
What is the greatest common divisor of 180 and 12396?
12
What is the highest common divisor of 6901 and 3914?
103
Calculate the greatest common divisor of 261 and 6757.
29
Calculate the greatest common factor of 100544 and 144.
16
Calculate the highest common divisor of 86754 and 13908.
114
Calculate the highest common factor of 486720 and 416.
416
What is the greatest common divisor of 217490 and 170?
10
Calculate the highest common factor of 624 and 6516.
12
What is the greatest common factor of 168 and 6258?
42
Calculate the greatest common factor of 8569 and 132.
11
What is the highest common divisor of 29420 and 60?
20
Calculate the highest common divisor of 262646 and 82.
82
Calculate the highest common divisor of 102 and 691118.
34
What is the highest common factor of 33920 and 74465?
265
What is the highest common divisor of 143 and 34199?
11
Calculate the highest common factor of 93 and 34069.
31
Calculate the greatest common factor of 27 and 717039.
27
Calculate the highest common factor of 25482 and 204414.
186
Calculate the highest common divisor of 4 and 1147.
1
What is the greatest common divisor of 300810 and 40?
10
Calculate the greatest common factor of 19250 and 613375.
875
What is the highest common factor of 4607 and 306?
17
Calculate the highest common divisor of 2832 and 1479.
3
What is the greatest common factor of 30955 and 20?
5
Calculate the highest common divisor of 21233 and 1615.
17
Calculate the highest common factor of 168 and 47544.
168
What is the greatest common divisor of 2568 and 216?
24
What is the highest common divisor of 66810 and 153?
51
What is the highest common factor of 88960 and 40?
40
Calculate the greatest common factor of 4680 and 10686.
78
Calculate the highest common factor of 10624 and 144.
16
Calculate the greatest common factor of 855568 and 28.
28
Calculate the greatest common factor of 608 and 1352.
8
Calculate the greatest common factor of 61472 and 612.
68
What is the greatest common divisor of 40302 and 414?
18
What is the highest common factor of 161 and 12949?
23
What is the highest common factor of 16660 and 7252?
196
Calculate the greatest common divisor of 1093439 and 79.
79
Calculate the highest common factor of 20130 and 660.
330
What is the greatest common factor of 998336 and 8?
8
Calculate the greatest common divisor of 176 and 14576.
16
Calculate the highest common factor of 2 and 110746.
2
Calculate the greatest common divisor of 34 and 104975.
17
What is the highest common factor of 8595 and 819?
9
What is the highest common divisor of 13139 and 49?
7
What is the greatest common factor of 3565 and 2300?
115
What is the greatest common factor of 59 and 1343135?
59
What is the highest common divisor of 381 and 6027?
3
What is the greatest common factor of 73146 and 3006?
1002
Calculate the greatest common divisor of 374 and 9471.
11
What is the greatest common factor of 285500 and 1500?
500
What is the highest common divisor of 1848444 and 2091?
2091
Calculate the highest common divisor of 3724 and 6272.
196
Calculate the highest common factor of 3770 and 45530.
290
Calculate the greatest common divisor of 680 and 17140.
20
Calculate the highest common divisor of 83647 and 49901.
359
What is the greatest common divisor of 268 and 6839226?
134
Calculate the greatest common divisor of 356 and 45568.
356
What is the highest common factor of 2776 and 392?
8
Calculate the greatest common factor of 299 and 17537.
13
What is the highest common divisor of 22 and 5806?
2
Calculate the highest common factor of 852000 and 2250.
750
Calculate the highest common divisor of 4 and 11483.
1
What is the highest common factor of 609782 and 599?
599
Calculate the highest common divisor of 1862 and 258286.
266
Calculate the greatest common factor of 1231272 and 288.
72
What is the highest common divisor of 400 and 102475?
25
Calculate the greatest common factor of 43 and 1255471.
43
What is the greatest common divisor of 1672 and 644556?
836
What is the greatest common factor of 4779 and 999?
27
Calculate the highest common factor of 106488 and 28.
4
What is the highest common divisor of 2413394 and 1509?
503
What is the greatest common divisor of 63564 and 384?
12
What is the greatest common divisor of 42622 and 14?
2
What is the greatest common divisor of 228 and 49628?
76
What is the highest common factor of 16 and 690808?
8
Calculate the highest common factor of 558084 and 18.
6
Calculate the highest common factor of 52959 and 1524.
381
Calculate the highest common divisor of 597362 and 2.
2
Calculate the greatest common divisor of 174 and 19082.
58
What is the greatest common factor of 309180 and 60?
60
What is the greatest common factor of 8 and 232072?
8
Calculate the highest common divisor of 5080 and 55.
5
What is the highest common factor of 97560 and 3060?
180
What is the greatest common divisor of 11764 and 3114?
346
What is the highest common factor of 1279230 and 270?
30
What is the greatest common divisor of 4947 and 14943?
51
Calculate the greatest common divisor of 973 and 6256390.
973
Calculate the greatest common divisor of 9247 and 14.
7
What is the greatest common divisor of 156 and 337908?
12
Calculate the highest common factor of 11098 and 10382.
358
Calculate the greatest common divisor of 4025 and 605.
5
What is the highest common factor of 2224 and 38704?
16
What is the highest common divisor of 36772 and 4?
4
What is the greatest common divisor of 86970 and 3120?
390
Calculate the highest common factor of 528 and 1361052.
132
What is the highest common factor of 27352 and 1664?
104
Calculate the highest common factor of 1573 and 11737.
121
Calculate the greatest common factor of 1156590 and 355.
355
Calculate the greatest common factor of 13 and 237.
1
Calculate the greatest common factor of 18235 and 3150.
35
What is the highest common factor of 207018 and 636?
318
Calculate the highest common divisor of 28 and 118244.
28
Calculate the greatest common factor of 63181 and 82.
41
What is the greatest common factor of 946484 and 196?
196
Calculate the greatest common factor of 756 and 356244.
84
Calculate the greatest common divisor of 97431 and 1269.
141
Calculate the highest common divisor of 10258 and 4906.
446
What is the greatest common factor of 267 and 4361?
89
What is the greatest common divisor of 40 and 2578?
2
What is the highest common factor of 2 and 116797?
1
Calculate the greatest common factor of 2098527 and 174.
87
What is the greatest common factor of 193806 and 1164?
582
What is the highest common divisor of 39 and 60593?
13
Calculate the greatest common divisor of 62905 and 575.
115
Calculate the greatest common factor of 16444 and 12.
4
Calculate the highest common divisor of 89441 and 188.
47
Calculate the greatest common divisor of 150 and 373725.
75
What is the highest common divisor of 9 and 1583?
1
Calculate the highest common divisor of 102 and 12206.
34
Calculate the greatest common factor of 632 and 22.
2
What is the highest common factor of 301770 and 4410?
630
What is the greatest common factor of 26448 and 5016?
456
Calculate the highest common factor of 22 and 209099.
11
Calculate the greatest common factor of 148162 and 98.
14
Calculate the highest common divisor of 3089982 and 42.
42
What is the greatest common factor of 1149339 and 3?
3
What is the greatest common factor of 315 and 19719?
63
Calculate the greatest common factor of 7268 and 828.
92
What is the greatest common divisor of 51385 and 2150?
215
What is the highest common factor of 1070 and 52858?
214
Calculate the highest common factor of 7913 and 386.
193
Calculate the greatest common divisor of 123 and 291.
3
Calculate the greatest common factor of 10276 and 4788.
28
What is the highest common divisor of 2125637 and 23?
23
What is the highest common divisor of 1003 and 697?
17
What is the greatest common divisor of 34 and 109752?
34
W